{"id":939,"date":"2024-04-19T19:24:31","date_gmt":"2024-04-19T17:24:31","guid":{"rendered":"https:\/\/mfc-dachau.de\/wordpress\/?page_id=939"},"modified":"2026-03-09T21:24:30","modified_gmt":"2026-03-09T20:24:30","slug":"ehrenmitglieder","status":"publish","type":"page","link":"https:\/\/mfc-dachau.de\/?page_id=939","title":{"rendered":"Ehrenmitglieder"},"content":{"rendered":"<p style=\"margin-bottom: 0cm; text-align: justify;\"><span style=\"font-family: verdana,geneva; font-size: 10pt;\">Mitglieder die aufgrund Ihrer besonderen Verdienste f\u00fcr den Verein zu Ehrenmitgliedern ernannt wurden.<br \/>\n<\/span><\/p>\n<p><img loading=\"lazy\" decoding=\"async\" class=\"alignnone size-full wp-image-1520\" src=\"https:\/\/mfc-dachau.de\/wp-content\/uploads\/2024\/05\/ehrennadel100.gif\" alt=\"\" width=\"100\" height=\"100\" \/><\/p>\n<hr \/>\n<p><img loading=\"lazy\" decoding=\"async\" class=\"alignnone size-medium wp-image-2261\" src=\"https:\/\/mfc-dachau.de\/wp-content\/uploads\/2026\/03\/Klaus_Bergtold-219x300.png\" alt=\"\" width=\"219\" height=\"300\" srcset=\"https:\/\/mfc-dachau.de\/wp-content\/uploads\/2026\/03\/Klaus_Bergtold-219x300.png 219w, https:\/\/mfc-dachau.de\/wp-content\/uploads\/2026\/03\/Klaus_Bergtold.png 400w\" sizes=\"auto, (max-width: 219px) 100vw, 219px\" \/><\/p>\n<p><strong>Klaus Berktold<\/strong><\/p>\n<p>Geboren am 30.3.1962 in M\u00fcnchen, hatte die Modellfliegerei bereits\u00a0 im Alter von 6 Jahren entdeckt. Freiflug, bestimmt durch sein Lieblingsmodell einer Topsy, ausger\u00fcstet mit einem 0,33ccm Motor waren die Pr\u00e4gung zur sp\u00e4teren RC-Fliegerei. Im Alter von 13 Jahren erfolgt der Einstieg in die RC-Technik mit dem Modell Charter. Ab da ging es steil bergauf, angefangen von regelm\u00e4\u00dfigem Fliegen auf der Sch\u00e4ferwiese bei Karlsfeld und dann im Jahre 1976 Eintritt in den Verein des MFC. Bereits 1984 erfolgte der Eintritt in die Vorstandschaft mit den Aufgaben des Sportreferenten. Im Jahre 1995 \u00fcbernahm er die F\u00fchrung des Vereins bei der Jahreshauptversammlung mit einer kompletten Neubesetzung der Vorstandschaft und blieb bis ins Jahr 2008 der erste Vorsitzende.\u00a0 J\u00e4hrlich wiederkehrende Flugtage sowie Ausstellungen pr\u00e4gten das Vereinsgeschehen. Es folgt der Grundst\u00fcckskauf (Parkplatz &#8211; Fluggel\u00e4nde) und im Mai 2007 wurde eine neue Aufstiegsgenehmigung erreicht.<\/p>\n<hr \/>\n<div>\u00a0<img loading=\"lazy\" decoding=\"async\" class=\"alignnone wp-image-1784 size-medium\" src=\"https:\/\/mfc-dachau.de\/wp-content\/uploads\/2024\/12\/baumemme01_320-band-225x300.jpg\" alt=\"\" width=\"225\" height=\"300\" srcset=\"https:\/\/mfc-dachau.de\/wp-content\/uploads\/2024\/12\/baumemme01_320-band-225x300.jpg 225w, https:\/\/mfc-dachau.de\/wp-content\/uploads\/2024\/12\/baumemme01_320-band.jpg 240w\" sizes=\"auto, (max-width: 225px) 100vw, 225px\" \/><span style=\"font-family: verdana,geneva; font-size: 10pt;\">\u00a0<\/span><\/div>\n<div><strong><span style=\"font-family: verdana,geneva; font-size: 10pt;\">Emmerich Baumgartner<\/span><\/strong><\/div>\n<p style=\"text-align: justify;\"><span style=\"font-family: verdana,geneva; font-size: 10pt;\"><span style=\"font-family: verdana,geneva; font-size: 10pt;\">Er war 1971 Gr\u00fcndungsmitglied des MFC Dachau.\u00a0 Zum Modellflug kam der am 1.10.1929 in Sigmertshausen geborene Pilot mit dem Modell Frechdax von Hegi und einer Tip-Tip Grundig Variophon Fernsteuerung.<\/span><br \/>\n<span style=\"font-family: verdana,geneva; font-size: 10pt;\"> In den Anf\u00e4ngen des Vereins trug er wesentlich zum Aufbau bei: er war in verschiedenen Funktionen jahrelang Vorstandsmitglied (2.Vorsitzender, Platzwart und sp\u00e4ter lange Zeit \u00c4ltestenbeirat). <\/span><\/span><\/p>\n<p style=\"text-align: justify;\"><span style=\"font-family: verdana,geneva; font-size: 10pt;\">Emmerich verstarb am 1.09.2019. Er wird uns immer in guter Erinnerung bleiben!<br \/>\n<\/span><\/p>\n<hr \/>\n<h2><span style=\"font-family: verdana,geneva; font-size: 10pt;\"><img loading=\"lazy\" decoding=\"async\" class=\"alignnone wp-image-1786 size-medium\" src=\"https:\/\/mfc-dachau.de\/wp-content\/uploads\/2024\/12\/kalthors01_320-band-225x300.jpg\" alt=\"\" width=\"225\" height=\"300\" srcset=\"https:\/\/mfc-dachau.de\/wp-content\/uploads\/2024\/12\/kalthors01_320-band-225x300.jpg 225w, https:\/\/mfc-dachau.de\/wp-content\/uploads\/2024\/12\/kalthors01_320-band.jpg 240w\" sizes=\"auto, (max-width: 225px) 100vw, 225px\" \/><\/span><\/h2>\n<h2><span style=\"font-family: verdana,geneva; font-size: 10pt;\">Horst Kaltner<\/span><\/h2>\n<p style=\"text-align: justify;\"><span style=\"font-family: verdana,geneva; font-size: 10pt;\">Geboren am 31.3.1943 in Wiener Neustadt, wurde schon mit acht Jahren zum Modellflieger: er baute sein erstes Freiflugmodell. Nach dem Freiflug kam die Phase des Fesselfluges und danach, nun schon 15-J\u00e4hrig, der Einstieg in das &#8222;Radio Controlled&#8220;-Zeitalter. Dem langj\u00e4hrigen 1.Vorsitzenden (1977-1995) verdankt der Verein nicht nur das Auffinden des heutigen Fluggel\u00e4ndes, sondern auch die Durchsetzung der Aufstiegserlaubnis gegen\u00fcber den \u00f6rtlichen Beh\u00f6rden auf dem beschwerlichen Instanzenweg bis hin zum bayerischen Verwaltungsgerichtshof. Zusammen mit den Vorst\u00e4nden der Nachbarvereine Moosburg, Freising\/Hallbergmoos und Erding rief er 1978 das Vier-St\u00e4dte-Fliegen ins Leben. Unter seiner F\u00fchrung erfolgte der Beitritt zum DMFV (Deutscher Modellflieger Verband, mit 50.000 Mitgliedern der gr\u00f6\u00dfte Modellfliegerverband der Welt), die Durchf\u00fchrung gro\u00dfartiger Modellflugtage und Ausstellungen, die Mitorganisation der Jahreshauptversammlung des DMFV 1980 im Dachauer Schlo\u00dfsaal und die Initiierung einer neuen Satzung. <\/span><\/p>\n<p style=\"text-align: justify;\"><span style=\"font-family: verdana,geneva; font-size: 10pt;\">Horst verstarb am 22.07.2020. Er wird uns immer in guter Erinnerung bleiben!<br \/>\n<\/span><\/p>\n<div class=\"mini\"><span style=\"font-family: verdana,geneva; font-size: 10pt;\">\u00a0<\/span><\/div>\n","protected":false},"excerpt":{"rendered":"<p>Mitglieder die aufgrund Ihrer besonderen Verdienste f\u00fcr den Verein zu Ehrenmitgliedern ernannt wurden. Klaus Berktold Geboren am 30.3.1962 in M\u00fcnchen, hatte die Modellfliegerei bereits\u00a0 im Alter von 6 Jahren entdeckt. Freiflug, bestimmt durch sein Lieblingsmodell einer Topsy, ausger\u00fcstet mit einem&hellip; <\/p>\n","protected":false},"author":4,"featured_media":0,"parent":0,"menu_order":0,"comment_status":"closed","ping_status":"closed","template":"","meta":{"footnotes":""},"class_list":["post-939","page","type-page","status-publish","hentry"],"_links":{"self":[{"href":"https:\/\/mfc-dachau.de\/index.php?rest_route=\/wp\/v2\/pages\/939","targetHints":{"allow":["GET"]}}],"collection":[{"href":"https:\/\/mfc-dachau.de\/index.php?rest_route=\/wp\/v2\/pages"}],"about":[{"href":"https:\/\/mfc-dachau.de\/index.php?rest_route=\/wp\/v2\/types\/page"}],"author":[{"embeddable":true,"href":"https:\/\/mfc-dachau.de\/index.php?rest_route=\/wp\/v2\/users\/4"}],"replies":[{"embeddable":true,"href":"https:\/\/mfc-dachau.de\/index.php?rest_route=%2Fwp%2Fv2%2Fcomments&post=939"}],"version-history":[{"count":12,"href":"https:\/\/mfc-dachau.de\/index.php?rest_route=\/wp\/v2\/pages\/939\/revisions"}],"predecessor-version":[{"id":2269,"href":"https:\/\/mfc-dachau.de\/index.php?rest_route=\/wp\/v2\/pages\/939\/revisions\/2269"}],"wp:attachment":[{"href":"https:\/\/mfc-dachau.de\/index.php?rest_route=%2Fwp%2Fv2%2Fmedia&parent=939"}],"curies":[{"name":"wp","href":"https:\/\/api.w.org\/{rel}","templated":true}]}}

<p style="margin-bottom: 0cm; text-align: justify;"><span style="font-family: verdana,geneva; font-size: 10pt;">Mitglieder die aufgrund Ihrer besonderen Verdienste für den Verein zu Ehrenmitgliedern ernannt wurden.<br />
</span></p>
<p><img loading="lazy" decoding="async" class="alignnone size-full wp-image-1520" src="https://mfc-dachau.de/wp-content/uploads/2024/05/ehrennadel100.gif" alt="" width="100" height="100" /></p>
<hr />
<p><img loading="lazy" decoding="async" class="alignnone size-medium wp-image-2261" src="https://mfc-dachau.de/wp-content/uploads/2026/03/Klaus_Bergtold-219x300.png" alt="" width="219" height="300" srcset="https://mfc-dachau.de/wp-content/uploads/2026/03/Klaus_Bergtold-219x300.png 219w, https://mfc-dachau.de/wp-content/uploads/2026/03/Klaus_Bergtold.png 400w" sizes="auto, (max-width: 219px) 100vw, 219px" /></p>
<p><strong>Klaus Berktold</strong></p>
<p>Geboren am 30.3.1962 in München, hatte die Modellfliegerei bereits  im Alter von 6 Jahren entdeckt. Freiflug, bestimmt durch sein Lieblingsmodell einer Topsy, ausgerüstet mit einem 0,33ccm Motor waren die Prägung zur späteren RC-Fliegerei. Im Alter von 13 Jahren erfolgt der Einstieg in die RC-Technik mit dem Modell Charter. Ab da ging es steil bergauf, angefangen von regelmäßigem Fliegen auf der Schäferwiese bei Karlsfeld und dann im Jahre 1976 Eintritt in den Verein des MFC. Bereits 1984 erfolgte der Eintritt in die Vorstandschaft mit den Aufgaben des Sportreferenten. Im Jahre 1995 übernahm er die Führung des Vereins bei der Jahreshauptversammlung mit einer kompletten Neubesetzung der Vorstandschaft und blieb bis ins Jahr 2008 der erste Vorsitzende.  Jährlich wiederkehrende Flugtage sowie Ausstellungen prägten das Vereinsgeschehen. Es folgt der Grundstückskauf (Parkplatz &#8211; Fluggelände) und im Mai 2007 wurde eine neue Aufstiegsgenehmigung erreicht.</p>
<hr />
<div> <img loading="lazy" decoding="async" class="alignnone wp-image-1784 size-medium" src="https://mfc-dachau.de/wp-content/uploads/2024/12/baumemme01_320-band-225x300.jpg" alt="" width="225" height="300" srcset="https://mfc-dachau.de/wp-content/uploads/2024/12/baumemme01_320-band-225x300.jpg 225w, https://mfc-dachau.de/wp-content/uploads/2024/12/baumemme01_320-band.jpg 240w" sizes="auto, (max-width: 225px) 100vw, 225px" /><span style="font-family: verdana,geneva; font-size: 10pt;"> </span></div>
<div><strong><span style="font-family: verdana,geneva; font-size: 10pt;">Emmerich Baumgartner</span></strong></div>
<p style="text-align: justify;"><span style="font-family: verdana,geneva; font-size: 10pt;"><span style="font-family: verdana,geneva; font-size: 10pt;">Er war 1971 Gründungsmitglied des MFC Dachau.  Zum Modellflug kam der am 1.10.1929 in Sigmertshausen geborene Pilot mit dem Modell Frechdax von Hegi und einer Tip-Tip Grundig Variophon Fernsteuerung.</span><br />
<span style="font-family: verdana,geneva; font-size: 10pt;"> In den Anfängen des Vereins trug er wesentlich zum Aufbau bei: er war in verschiedenen Funktionen jahrelang Vorstandsmitglied (2.Vorsitzender, Platzwart und später lange Zeit Ältestenbeirat). </span></span></p>
<p style="text-align: justify;"><span style="font-family: verdana,geneva; font-size: 10pt;">Emmerich verstarb am 1.09.2019. Er wird uns immer in guter Erinnerung bleiben!<br />
</span></p>
<hr />
<h2><span style="font-family: verdana,geneva; font-size: 10pt;"><img loading="lazy" decoding="async" class="alignnone wp-image-1786 size-medium" src="https://mfc-dachau.de/wp-content/uploads/2024/12/kalthors01_320-band-225x300.jpg" alt="" width="225" height="300" srcset="https://mfc-dachau.de/wp-content/uploads/2024/12/kalthors01_320-band-225x300.jpg 225w, https://mfc-dachau.de/wp-content/uploads/2024/12/kalthors01_320-band.jpg 240w" sizes="auto, (max-width: 225px) 100vw, 225px" /></span></h2>
<h2><span style="font-family: verdana,geneva; font-size: 10pt;">Horst Kaltner</span></h2>
<p style="text-align: justify;"><span style="font-family: verdana,geneva; font-size: 10pt;">Geboren am 31.3.1943 in Wiener Neustadt, wurde schon mit acht Jahren zum Modellflieger: er baute sein erstes Freiflugmodell. Nach dem Freiflug kam die Phase des Fesselfluges und danach, nun schon 15-Jährig, der Einstieg in das &#8222;Radio Controlled&#8220;-Zeitalter. Dem langjährigen 1.Vorsitzenden (1977-1995) verdankt der Verein nicht nur das Auffinden des heutigen Fluggeländes, sondern auch die Durchsetzung der Aufstiegserlaubnis gegenüber den örtlichen Behörden auf dem beschwerlichen Instanzenweg bis hin zum bayerischen Verwaltungsgerichtshof. Zusammen mit den Vorständen der Nachbarvereine Moosburg, Freising/Hallbergmoos und Erding rief er 1978 das Vier-Städte-Fliegen ins Leben. Unter seiner Führung erfolgte der Beitritt zum DMFV (Deutscher Modellflieger Verband, mit 50.000 Mitgliedern der größte Modellfliegerverband der Welt), die Durchführung großartiger Modellflugtage und Ausstellungen, die Mitorganisation der Jahreshauptversammlung des DMFV 1980 im Dachauer Schloßsaal und die Initiierung einer neuen Satzung. </span></p>
<p style="text-align: justify;"><span style="font-family: verdana,geneva; font-size: 10pt;">Horst verstarb am 22.07.2020. Er wird uns immer in guter Erinnerung bleiben!<br />
</span></p>
<div class="mini"><span style="font-family: verdana,geneva; font-size: 10pt;"> </span></div>

<p>Mitglieder die aufgrund Ihrer besonderen Verdienste für den Verein zu Ehrenmitgliedern ernannt wurden. Klaus Berktold Geboren am 30.3.1962 in München, hatte die Modellfliegerei bereits  im Alter von 6 Jahren entdeckt. Freiflug, bestimmt durch sein Lieblingsmodell einer Topsy, ausgerüstet mit einem&hellip; </p>
